the value of (0 - (7 + 3)) + 1 + 4?
-5
What is (-7 - 0 - -4) + (0 - 2)?
-5
Evaluate (3 - 13 - -12) + 4 + -1.
5
Evaluate 2 + -8 - (-1 - 8).
3
Evaluate -3 - (1 + -2 - -1 - 2).
-1
5 + -16 + 5 - (1 + -8)
1
(42 - 37) + (3 - 1)
7
What is the value of -76 + 84 - (1 + 8)?
-1
What is the value of -4 + 10 - (-17 - -29)?
-6
-2 + 3 + (5 - (3 - 4))
7
What is the value of 7 - (-8 + (-3 - -7) - -11)?
0
What is (3 - 2) + 7 + -8?
0
Evaluate 1 + (1 + 0 - (14 - 11)).
-1
What is (5 - (5 + -3)) + -1 + -3?
-1
What is the value of (0 - -4) + -7 + 0 + -2?
-5
Calculate 3 - (1 - -5 - 4).
1
What is the value of 4 - 6 - (-1 - 2)?
1
(0 - (-4 - -17)) + 8
-5
Evaluate 13 - 8 - (2 + (-5 - 1)).
9
6 + 0 + -1 + -5
0
Evaluate (0 - 1 - -1) + -5.
-5
Evaluate 2 - -1 - (2 + (-3 - -3)).
1
What is 3 + (2 - 1 - 3)?
1
What is (-8 - -2 - -3) + -2?
-5
Evaluate 5 - (6 - 0 - (-2 - -13)).
10
0 - (1 + -3 + (4 - 9))
7
-3 - (1 - -1) - (26 + -36)
5
What is (-1 - -10 - (-16 - -19)) + -3?
3
Calculate 10 - (8 - 4 - -2).
4
Calculate -3 - (-11 - (1 + (1 - 4))).
6
What is the value of -43 + 48 - (0 + -1)?
6
2 - (11 - 15 - -2)
4
-1 + (-2 - -3) - (1 + 0)
-1
What is the value of -5 + 0 + 6 + 0?
1
Evaluate -9 + (-6 - -3 - -7).
-5
What is -23 + 25 + (-6 - -1)?
-3
What is (-5 - -4 - 2) + -2?
-5
Calculate 8 + (-2 - (-5 + 4)).
7
What is (0 - 14) + 4 + 6?
-4
Calculate -6 - (11 - 19 - (3 - 1)).
4
What is -4 - (2 + 2 + 1 + -5)?
-4
What is (0 - -2) + -2 - 3 - 1?
-4
What is the value of (21 - 4) + (-5 - 4)?
8
Calculate 4 + -7 - 1 - (-1 + 3).
-6
Calculate (2 - (-2 - -2)) + 3 + -3.
2
Evaluate -92 + 78 + (8 - 2).
-8
4 + (6 - (8 + -3 - -3))
2
What is (-2 - -3 - -4) + (2 - 8)?
-1
0 + 0 + -7 - (17 - 20)
-4
Evaluate -7 - (2 + -10 - -5).
-4
1 - (2 + (0 - -3 - 1))
-3
Calculate 1 + -5 + (-2 - 0).
-6
Calculate 2 + 3 - (13 - 11).
3
What is the value of -1 - (5 + 0 - 10)?
4
Calculate 11 + (-21 - -7) - -9.
6
(5 - -1) + (-3 - -4) + -3
4
What is -1 - 5 - ((-14 - 0) + 9)?
-1
Evaluate 22 + -19 - (-5 + -2).
10
What is the value of 1 + 4 + 21 + -24?
2
What is the value of 1 + 1 + -3 + 0 + -3?
-4
What is (-2 - 2 - 0) + 7?
3
Calculate 19 - 24 - (1 + -3).
-3
Calculate -2 - (2 - (1 - -2) - 4).
3
What is the value of 1 + -3 + (-23 - -24)?
-1
What is the value of -4 + -2 - -7 - (0 - -3)?
-2
13 - (10 - -2) - (0 - -2)
-1
What is the value of 11 - (7 + (3 - 4))?
5
What is the value of -3 + 2 + (-6 - (-3 - 2))?
-2
Calculate (5 + 2 - 14) + 3 + 6.
2
Calculate -1 + (1 - (4 + -4) - 3).
-3
Calculate 2 - (3 - ((-6 - -3) + -2)).
-6
What is -4 + 0 + (3 - -1)?
0
(-1 + 5 - 2) + -4
-2
Evaluate -3 + 21 + -16 + -2 + -2.
-2
Evaluate 2 - 3 - -3 - (19 - 18).
1
What is -2 - 7 - (41 - 47)?
-3
What is the value of -1 - (-11 + (11 - -6))?
-7
Calculate 4 + -4 - (-1 + 0) - -4.
5
What is the value of -3 + (5 - (-4 - -5))?
1
What is 0 + (0 - 0) + 54 + -51?
3
-5 - 0 - (-79 - -74)
0
What is 6 + (-2 + 4 - (9 - 4))?
3
(-3 - 3) + 15 + -8 - -7
8
What is the value of 1 - -8 - (-3 + (8 - 0))?
4
3 + (4 - 8) - (-11 + 3)
7
What is the value of 2 + -2 + (-1 - 1) - -3?
1
What is -2 - (-9 - (-7 + 2))?
2
-13 - (-20 - (0 + -9))
-2
What is the value of 7 + (-3 - -1 - 0) + -1?
4
Calculate -13 - -9 - (6 + -11) - 1.
0
Evaluate 9 + -11 + 5 + -1 + 5.
7
What is the value of -8 + (11 + -6 - -12)?
9
What is (0 - (0 - (3 - 0))) + -1?
2
(1 - (-3 + (5 - 7))) + -1
5
What is the value of (4 - (2 - -7)) + -2?
-7
29 + -32 - (0 - -7)
-10
-17 + (11 - -6) - (1 - 0)
-1
6 - (2 + -1) - (146 + -142)
1
Evaluate (-9 - -5) + -1 + 5.
0
Calculate 0 + -1 + -1 + (4 - 2).
0
What is (1 - (-3 - -6)) + -1 + 3?
0
-3 + 9 + -5 + (-1 - -3)
3
What is -3 - (0 - (5 + 2))?
4
Calculate -18 + (11 - 11) + 10.
-8
0 - (-6 - (1 - 2))
5
Calculate -6 + (-6 - -4) + 3.
-5
What is the value of -5 + (3 - (2 - 2))?
-2
Evaluate 6 + -9 + (-4 - -4).
-3
What is 3 - (-5 - (-9 + 6))?
5
What is -8 - (-6 + -2 + 4)?
-4
What is the value of 3 + -1 + 2 - 2 - 0?
2
-2 + (11 - 11 - 8)
-10
Calculate 3 - (1 + -7 + 4).
5
(2 - (4 - -2)) + 17 + -14
-1
What is -1 + (-1 - (-5 - -8 - 4))?
-1
Evaluate 45 - 35 - (7 - 1).
4
(2 - (2 + 2)) + 2
0
Calculate -4 + 4 - (-4 + 0).
4
Evaluate -51 + 51 - (-2 - -1).
1
Calculate -4 - (-7 + 2 - -5).
-4
Calculate -5 - (-11 + (9 - 5)).
2
Calculate -3 + 0 - (3 + 0 - 4).
-2
Evaluate 2 - 1 - 6 - (2 + -13).
6
What is 1 - 9 - (2 - 5)?
-5
-6 + 5 + 3 - 3
-1
Calculate 6 - ((8 - 5) + 2).
1
What is -2 + -14 + 3 + 6?
-7
What is 0 + -4 - 4 - (2 + -9)?
-1
What is 8 + -11 + 7 + -5?
-1
What is the value of -1 - (0 + (-1 + -2 - -1))?
1
Evaluate 0 - (-4 + 2 + 3 + 3).
-4
Calculate 6 + (-4 - -1 - (22 + -14)).
-5
What is -1 - -5 - (-10 + 3 - -10)?
1
What is (-1 - -1) + 8 + -8 + 1?
1
What is the value of 0 - 1 - 1 - (-176 - -182)?
-8
What is 2 - -4 - 9 - (0 - 8)?
5
Calculate 7 + (7 - (4 - (-5 - -3))).
8
What is the value of 18 + -12 + -6 + 2?
2
Calculate (1 - (0 - -3)) + 3.
1
Evaluate -9 + -6 + (8 - -1).
-6
What is -1 - (-1 - 2 - -1)?
1
What is 4 - 8 - (5 - 5)?
-4
What is the value of 4 + -10 + (-4 - -13)?
3
Calculate -7 + 16 + -17 + 3.
-5
-5 - ((-8 - -10) + -15)
8
Evaluate 0 - (-1 - 1) - (1 - 1).
2
What is the value of -3 + -6 + (1 - -4) + 8?
4
What is the value of 8 + -9 - (-3 - -1)?
1
Evaluate -3 + 10 + -1 + -6.
0
0 - 15 - (31 - 40)
-6
What is 2 + (3 - (3 - -6 - 3))?
-1
Calculate 9 + -9 + (0 - -1) - 8.
-7
What is 0 + (-3 - (0 - (1 - 1)))?
-3
Calculate (1 - (-5 - -1 - 1)) + -3.
3
What is (4 - -2 - 0) + -6?
0
What is the value of 1 - 5 - (0 + (0 - 3))?
-1
8 - (20 - 6) - (-5 - 0)
-1
-4 + (16 - 7) + -23 - -8
-10
What is -3 + (4 - 4) - -4?
1
Evaluate -3 - (9 + -18 + 6).
0
Evaluate 3 - (5 - (4 + -3)) - 0.
-1
0 - -9 - (11 + -6)
4
What is the value of -4 - (5 + 0 + -7)?
-2
What is -22 - (-12 + 15 + -8) - -7?
-10
What is the value of 4 + -3 + 0 + -1 + 3?
3
Calculate (2 - -1) + 1 - (-6 - -15).
-5
(-19 - -25) + -2 + 7
11
Evaluate (9 - (4 - 0)) + 18 + -14.
9
Calculate 4 - -6 - (-1 + 3).
8
2 - ((-1 - 0 - 3) + 8)
-2
Calculate 83 + -83 + (0 - -6).
6
Evaluate 1 + -1 + 9 + -7.
2
What is the value of -43 - -47 - (3 - (-1 + 1))?
1
What is 1 + -4 + 6 - 0 - 3?
0
What is the value of 4 + -2 - -10 - 8?
4
Evaluate 5 + (-3 + 0 - 3).
-1
What is 5 - (-1 + -1 + 2)?
5
Calculate 1 + (5 - 8) + 1.
-1
Evaluate 4 + -12 - (-2 - 1).
-5
What is 1 + -5 + 1 + (9 - 4)?
2
-3 - (-3 - -3) - -2
-1
Calculate (2 - (-4 - -2)) + -1 + 1.
4
What is the value of -10 + ((8 - 7) + 0 - -4)?
-5
What is (3 - 5) + 0 + 1 + 0?
-1
What is the value of 4 + 3 + -3 + -9?
-5
What is the value of 12 + (-5 - (-4 + 17))?
-6
-11 + 25 + 1 + -12
3
What is the value of 1 + -5 + 0 + 3 + 3?
2
2 - (0 - -1 - 3)
4
0 - 5 - (3 + -2 + -9)
3
Evaluate -1 + (-5 - (3 + -5)).
-4
13 + -18 - (-12 - -2)
5
What is -2 - (-3 + (-1 - 2) - -4)?
0
Evaluate -5 - (3 - 4 - 3).
-1
Evaluate -11 + (-11 - -5) + 12 + -2.
-7
Calculate -11 + (-7 - -12) + -1.
-7
Calculate -5 - (-5 - (3 + -4)).
-1
What is the value of (2 - (-6 + 4)) + (1 - 4)?
1
Evaluate 1 - (-3 + 8) - -5.
1
Calculate 6 - 7 - (-3 - -1).
1
What is 1 + (5 - (3 - (2 + -3)))?
2
Evaluate -12 - (2 - 8) - -6.
0
Calculate 2 - (4 - (8 - 4)).
2
What is the value of (-16 - (-6 + -4)) + 9?
3
What is 4 - ((3 - (0 - 0)) + -1)?
2
-2 + 6 + -6 + -1
-3
Calculate (-15 - -6) + 7 - -6.
4
Evaluate -3 + 0 + 2 + -4 - -5.
0
Evaluate (-4 + 0 - -6) + 1 + 1.
4
What is the value of 7 + 4 + -7 - 6?
-2
Calculate -4 + 2 + 2 + -1 + 6.
5
What is (-3 - -3 - 1) + (2 - -2)?
3
3 + (10 - (4 + 5))
4
(9 + (1 - 4) - -1) + -5
2
Calculate -2 + -1 + (3 - -1).
1
(9 - 17) + 7 + (0 - -4)
3
Evaluate 7 - ((2 - 0) + (-5 - -6)).
4
-5 + 1 - -8 - 3
1
What is 2 - (0 - 7 - (0 - 15))?
-6
-4 + (2 - -4) - -2
4
Calculate -13 + -6 + 7 + 6.
-6
What is the value of 0 - (3 - 0 - 1)?
-2
-12 + 8 + (2 - -1)
-1
Calculate 0 + 12 + (-8 - -4) + -7.
1
Evaluate (-2 + 1 + 3 - 2) + 3.
3
Evaluate 8 - (18 - 7 - 7).
4
What is the value of -2 + (-2 - -4) + 4?
4
Calculate -2 - ((-9 - -1) + 3 + -3).
6
What is the value of 6 + -4 + 2 - -1?
5
Calculate 1 - (1 + (2 - 4)).
2
What is 0 + (-12 - (5 + -14))?
-3
8 - (-9 + 4 + 6)
7
What is 2 - 1 - 9 - (-5 - -2)?
-5
Evaluate -8 + 5 + -3 + 1.
-5
What is -9 + (-8 - (10 + -30))?
3
Calculate 2 - 1 - 1 - (-6 - -3).
3
What is the value of 2 + -4 + -2 - (-5 - 5)?
6
14 - 10 - (3 + (-3 - -4))
0
Evaluate -5 - (2 - -3 - 16).
6
Evaluate -8 + 2 - -4 - (2 - -1).
-5
4 + (-5 - (-8 - -3))
4
What is the value of 0 + 0 - (-2 + (0 - 1)